5
Let g = 145 + -232. Let w = g + 87. Suppose 0 = -w*v + v - 2. Let n(i) = -3*i**3 + 2*i**2 - i - 2. Determine n(v).
-20
Let t(d) = -d**3 + 8*d**2 - 10*d + 17. Let u be t(7). Let y be 2*1*u*2/(-16). Let g(k) = -1 + y - 1 - k. Determine g(-1).
0
Let z(r) = r**3 - 57*r**2 + 111*r - 67. Let m be z(55). Let s(v) = -v**3 - 9*v**2 + 37*v - 4. Determine s(m).
-16
Let h = -7424 + 7423. Let y(l) = 37*l**3 - l**2 + 2*l + 2. Determine y(h).
-38
Let f = -6221 - -6223. Let k(c) be the first derivative of -f - c - 2/3*c**3 + 0*c**2. What is k(1)?
-3
Let b be -6 + 5/(-3) + (-1012)/(-132). Let m(r) = r**3 - r**2 + 16. Give m(b).
16
Let d(b) = 5*b - 36. Let h be 1 - 1/(1/(-39)). Let r = -36 + h. Let g(p) = 2*p - 12. Let s(x) = r*d(x) - 11*g(x). What is s(-8)?
4
Suppose 0*a = 5*a - 20. Suppose p = 8 - a. Let l(k) be the first derivative of k**2/2 - 5*k - 29. What is l(p)?
-1
Let v(n) = n**2 + 25*n + 39. Suppose -201*h - 84*h + 204 = 6759. Give v(h).
-7
Let t be 7 + (53 - 64 - 482/(-120)). Let v(b) be the third derivative of 0*b + 3/2*b**3 + t*b**5 + 41*b**2 + 3/8*b**4 + 0. Calculate v(-7).
-5
Suppose 33*y - 17*y - 80 = 0. Let v(p) = 10*p**2 + 3*p**2 + y*p**2 - 2*p**2. Give v(-1).
16
Let f(c) = -16*c + 31. Let s(l) = 11*l - 21. Let r(j) = 5*f(j) + 7*s(j). Let o = 7787 + -7781. What is r(o)?
-10
Let w = -2447 + 2440. Let p(q) be the second derivative of q**4/24 + 2*q**3/3 - q**2/2 - 3*q. Let v(k) be the first derivative of p(k). Calculate v(w).
-3
Suppose -260*l + 109*l + 3322 = 0. Let p(r) = -r**2 + 21*r + 23. Determine p(l).
1
Let i be 0*(2 - ((2 - 0) + 1)). Suppose 37*h - 36*h + 11 = i. Let z(d) be the first derivative of -d**2/2 - 17*d - 53. What is z(h)?
-6
Let t(v) = v**3 + 6*v**2 + v. Let p(l) = 4*l**3 + 32*l**2 + 7*l - 1. Let f(c) = p(c) - 5*t(c). Suppose -3*r = -8*r + 15. Determine f(r).
-4
Suppose -155 = 4*o + 5*h + 35, o = -2*h - 46. Let n be 16/28 + o/14. Let b(v) = -v**3 - v**2 - v - 1. Determine b(n).
20
Let j(f) be the first derivative of -f**5/60 - 5*f**4/12 + f**3/3 - f**2 + 7*f + 71. Let h(b) be the second derivative of j(b). Give h(-10).
2
Let g(j) be the second derivative of -j**4/12 + 23*j**3/6 - 10*j**2 - 6692*j. Determine g(24).
-44
Let y(z) = 3*z**3 - 2*z**2 - 4*z + 2. Let k(u) = u**3 - 297*u**2 + 2 + 298*u**2 - 2. Let n(g) = 4*k(g) - y(g). Determine n(-4).
14
Suppose -68*n + 162 = -65*n. Let b be (-6)/4 + 1 - n/(-12). Let x(h) = -6*h + 4. What is x(b)?
-20
Suppose 6 = -0*t + 3*t. Let b(i) be the third derivative of -i**6/60 + i**5/30 + i**3/6 + 91*i**2 - 9. Give b(t).
-7
Let t(v) be the second derivative of v**7/2520 - v**6/60 + v**5/15 + 3*v**4/4 - 20*v - 1. Let w(f) be the third derivative of t(f). Calculate w(11).
-3
Suppose -9*x + 15 = -3. Let v(m) = -30*m**x - m**3 + 53*m**2 - m + 6 - 28*m**2. Calculate v(-4).
-6
Let o(n) = 11*n**3 - 20*n**2 + 21*n - 20. Let f(d) = -d**3 + 2*d**2 - 2*d + 2. Let b(x) = -10*f(x) - o(x). Calculate b(-1).
2
Let j(n) = 22*n - 28. Let u(b) = -7*b + 9. Let y(i) = 5*j(i) + 16*u(i). Let f(a) = 2*a**2 - 7*a - 2. Let z be f(4). Give y(z).
0
Suppose -2*n - 3*b + 0*b = 17, 3*n + b + 8 = 0. Let w(a) = a**3 + 3*a**2 - a + 3. Let r(v) = -v**3 + v**2 + v + 2. Let c(k) = n*w(k) - 2*r(k). Calculate c(5).
-12
Suppose 28*l - 32 = 26*l. Let g be (8/l)/((-1)/(-2)). Let k(p) = 2*p - p**3 - 6 + 2 + 4 - 2*p**2 - g. What is k(-3)?
2
Let l(m) be the first derivative of -m**4 - m + 2. Suppose 65*q = -35 + 100. Give l(q).
-5
Let w(q) = -33 - q**2 + 33 - 6*q - 16 - 4*q. What is w(-11)?
-27
Let i(f) be the second derivative of -7/12*f**4 + 0 + 5/6*f**3 + 1/20*f**5 - 51*f + 3*f**2. Calculate i(5).
-19
Let v(y) = 2*y**2 - 68*y + 228. Let w be v(30). Let j(p) = -13*p - 146. What is j(w)?
10
Let z(d) = 5*d - 10. Let u be (6/(-14))/(1*22/(-154)). Calculate z(u).
5
Suppose 21 = 3*i - 3*o, 4*i - 2*o - 55 = -7*o. Suppose 360*p - 395 = 281*p. Let f(m) = 8*m - p - i*m + 0. Calculate f(-7).
9
Let y(p) = -p**2 + 5*p + 7. Let h = -2597 - -2602. Determine y(h).
7
Let x(u) = -1 - 3 - 239*u**2 + 235*u**2 + 2 + 5 - u**3. Let w be (-3)/((-1)/(-4 - -3)). What is x(w)?
-6
Let o(b) be the second derivative of -b**2 + 1/6*b**3 + 0 + 38*b. Let j(a) = a**2 - 3*a + 1. Let x be j(4). Give o(x).
3
Let o be 822 - 5/((-35)/(-14)). Suppose 4*d - 836 = -o. Let l(n) = 2*n**2 + 2*n + 4. What is l(d)?
44
Suppose -7*q + 5*q + 14 = 0. Let d be 2/10 - 3/(45/(-12)). Suppose -5*c + q = -4*j - 27, -c - 5*j + d = 0. Let x(b) = -b**3 + 7*b**2 - 4*b + 1. Give x(c).
13
Let s = 10 + -10. Let y be (s + 3)*25/15. Suppose -u + 6*u - y = 0, -5*u = -3*i + 1. Let v(b) = b**3 + 3*b**2 - 3*b + 2. Calculate v(i).
16
Let v(w) = -109*w**2 - 45*w - 20. Let t(n) = 68*n**2 + 30*n + 13. Let l(d) = 8*t(d) + 5*v(d). Determine l(9).
58
Suppose 189*v = 659*v + 470. Let j(n) = -84*n**2 - n - 1. Calculate j(v).
-84
Let m(i) be the third derivative of 5*i**4/24 - i**3/3 - 387*i**2. Suppose -3*r + 2 + 7 = 0. What is m(r)?
13
Let d(c) = -359 - 98*c**2 - 6110*c + 46*c**2 + 53*c**2 + 6166*c. Calculate d(-62).
13
Suppose 0 = b + 5*n + 10, -3*b - 5*n = -3 + 13. Let d(k) = -k - 7 - 23 + b*k + 21. What is d(-4)?
-5
Let v be -4*75/6*-1. Let y(c) = -c. Let r be y(-1). Let t(d) = -109*d + v*d + r + 55*d. Determine t(5).
-19
Let d(y) = -9*y**2 - 2*y + 2. Suppose 83 - 67 = 2*v + 2*j, 4*j = 4*v + 24. Calculate d(v).
-9
Let v(f) = -46 - 7 - f**2 - 6*f + 17 + 5*f. Calculate v(6).
-78
Let d be 18/(-16)*-2*(-32)/(-6). Let l be 3/12*-10*d/15. Let y(j) = j**3 + 2*j**2 - 2. Determine y(l).
-2
Let o(y) = y**3 + 5*y**2 + y + 8. Suppose -36*d - 340 = -16. Let s be 24/(-5) - d/(-45). What is o(s)?
3
Let m(d) = 145 + 19990*d**2 + 107*d - 19991*d**2 - 126*d. Calculate m(-25).
-5
Let z(v) = -9372 + 2*v**3 + 102*v - 128*v + 13*v**2 + 9349. Give z(-8).
-7
Let m(b) = -b**2 + 9*b - 16. Let c be m(3). Let d(o) = c + 3 + 27*o + 2 + 3 - 25*o. Give d(-5).
0
Suppose -q = 2*q + 18. Let w(m) = 31*m**2 - 137*m**2 + 36*m**2 + 69*m**2 - 4 - 8*m. Determine w(q).
8
Let b(o) = -436 + 445 + 11*o**2 - 33*o**2 - 14*o + 8*o**2 + 12*o**2. What is b(-10)?
-51
Let d = -6 - -5. Let w(b) = -54223 - 2*b + 54223 + 11*b - b. Determine w(d).
-8
Let d(f) = f**2 + 2*f + 1. Let h be 6/8 + 114/8 + -9. Let r be h/(-12)*(2 - 0). Let a be (3 - 2)/(r/5). Calculate d(a).
16
Let b(f) = -5*f**3 - 7*f**2 - f - 2. Let n(w) be the first derivative of 3*w**4/2 + 3*w**3 + w**2 + 2*w + 66. Let h(q) = 5*b(q) + 4*n(q). What is h(2)?
0
Let s(q) be the first derivative of -q**6/360 - 3*q**5/20 + q**4/8 + 110*q**3/3 + 181. Let z(t) be the third derivative of s(t). What is z(-18)?
3
Let v(o) = o**2 - 4*o - 13. Let u be (-5)/((-546)/36 - -16). Determine v(u).
47
Let b be -6*2/(-4) - (-9 - -10). Let r(h) = -h + b*h + h + 5. Let x(y) = y**3 - 2*y**2 - 11*y + 6. Let z be x(4). Determine r(z).
-7
Let o(t) be the first derivative of 6*t + 1/3*t**3 + 45 + 1/2*t**2. Give o(-5).
26
Let s(v) = v**3 + v**2 - 4. Let a(b) = 38 + 1 - b**2 + 113 - 33 - 4*b. Let o be a(-13). Give s(o).
8
Let v(k) = k + 1. Let p be v(2). Let n be -1 + p + 0/2. Let d(g) = g**2 + 2*g - 1. Let l(m) = -3*m**2 - 4*m + 2. Let b(x) = 11*d(x) + 4*l(x). What is b(n)?
5
Let p(x) = -2 + 69*x + 5*x**2 + 67*x - 140*x. Calculate p(-1).
7
Let n(y) = 158*y - 10. Let j(c) = 33*c - 2. Let g(k) = 19*j(k) - 4*n(k). Calculate g(3).
-13
Suppose -22*q + 13*q = -27. Let h(t) = 65*t - 133*t + 62*t - q. Calculate h(4).
-27
Let p(a) = 8*a**2 - 10*a - 5. Let i(l) = 5*l**2 - 6*l - 3. Let s(g) = -5*i(g) + 3*p(g). Let d(v) = -2*v**2 - 10*v + 9. Let o(q) = d(q) - 3*s(q). What is o(6)?
-15
Suppose -28*x + 89 + 23 = 0. Suppose 4*b + 4*a = b - 7, -x*a - 2 = -2*b. Let i(h) = -13*h**2 - h. What is i(b)?
-12
Let v(s) = -s**3 - 4*s**2 - 4*s - 1. Let t = -211 - -213. Suppose 12 = -2*q - 2*f, 2*f = -0*q + t*q. Calculate v(q).
2
Suppose -4*i - 3 + 47 = 0. Let m(u) be the second derivative of -u**3/3 + 8*u**2 + 1072*u + 1. What is m(i)?
-6
Suppose 296*m + 33 = 298*m + 7. Let v(y) = -3*y**3 + 39*y**2 + 5*y - 62. Give v(m).
3
Let i = 8267 + -8273. Let c(q) = 47*q**3 - 46*q**3 + 1 + 10*q + 7 + 8*q**2. Calculate c(i).
20
Let k(m) be the first derivative of 44*m**3/3 + 1. Let w(b) = -12*b**3 - 164*b**2 + 241*b + 14. Let q be w(-15). Give k(q).
44
Let t(o) = 19*o**2 - o. Let v be t(2). Let a(k) = -v + 74 + 4*k - 3*k - 5*k**2. Calculate a(-1).
-6
Let f b